{"id":342,"date":"2024-03-24T15:44:33","date_gmt":"2024-03-24T14:44:33","guid":{"rendered":"https:\/\/atypicsphotography.com\/?page_id=342"},"modified":"2024-06-30T10:53:29","modified_gmt":"2024-06-30T08:53:29","slug":"photographe-en-ile-de-france","status":"publish","type":"page","link":"https:\/\/atypicsphotography.com\/","title":{"rendered":"Accueil"},"content":{"rendered":"\t\t<div data-elementor-type=\"wp-page\" data-elementor-id=\"342\" class=\"elementor elementor-342\" data-elementor-post-type=\"page\">\n\t\t\t\t<div class=\"elementor-element elementor-element-db893e9 e-con-full e-flex e-con e-parent\" data-id=\"db893e9\" data-element_type=\"container\" data-settings=\"{&quot;background_background&quot;:&quot;slideshow&quot;,&quot;background_slideshow_gallery&quot;:[{&quot;id&quot;:142,&quot;url&quot;:&quot;https:\\\/\\\/atypicsphotography.com\\\/wp-content\\\/uploads\\\/2024\\\/03\\\/Candice-4-2-scaled.jpg&quot;},{&quot;id&quot;:265,&quot;url&quot;:&quot;https:\\\/\\\/atypicsphotography.com\\\/wp-content\\\/uploads\\\/2024\\\/03\\\/Lucien-13-scaled.jpg&quot;},{&quot;id&quot;:153,&quot;url&quot;:&quot;https:\\\/\\\/atypicsphotography.com\\\/wp-content\\\/uploads\\\/2024\\\/03\\\/Candice-36-scaled.jpg&quot;},{&quot;id&quot;:314,&quot;url&quot;:&quot;https:\\\/\\\/atypicsphotography.com\\\/wp-content\\\/uploads\\\/2024\\\/03\\\/Starlet-4-scaled.jpg&quot;},{&quot;id&quot;:269,&quot;url&quot;:&quot;https:\\\/\\\/atypicsphotography.com\\\/wp-content\\\/uploads\\\/2024\\\/03\\\/MK-15-scaled.jpg&quot;},{&quot;id&quot;:163,&quot;url&quot;:&quot;https:\\\/\\\/atypicsphotography.com\\\/wp-content\\\/uploads\\\/2024\\\/03\\\/Candice-69-scaled.jpg&quot;},{&quot;id&quot;:140,&quot;url&quot;:&quot;https:\\\/\\\/atypicsphotography.com\\\/wp-content\\\/uploads\\\/2024\\\/03\\\/Black-Royalty-Esther-24-scaled.jpg&quot;},{&quot;id&quot;:268,&quot;url&quot;:&quot;https:\\\/\\\/atypicsphotography.com\\\/wp-content\\\/uploads\\\/2024\\\/03\\\/MK-12-scaled.jpg&quot;},{&quot;id&quot;:78,&quot;url&quot;:&quot;https:\\\/\\\/atypicsphotography.com\\\/wp-content\\\/uploads\\\/2024\\\/03\\\/Dallo-11-scaled.jpg&quot;},{&quot;id&quot;:179,&quot;url&quot;:&quot;https:\\\/\\\/atypicsphotography.com\\\/wp-content\\\/uploads\\\/2024\\\/03\\\/Cedric-Aurore-40-scaled.jpg&quot;},{&quot;id&quot;:191,&quot;url&quot;:&quot;https:\\\/\\\/atypicsphotography.com\\\/wp-content\\\/uploads\\\/2024\\\/03\\\/Dallo-41-scaled.jpg&quot;},{&quot;id&quot;:259,&quot;url&quot;:&quot;https:\\\/\\\/atypicsphotography.com\\\/wp-content\\\/uploads\\\/2024\\\/03\\\/les-cherif-129-scaled.jpg&quot;},{&quot;id&quot;:235,&quot;url&quot;:&quot;https:\\\/\\\/atypicsphotography.com\\\/wp-content\\\/uploads\\\/2024\\\/03\\\/Joy-Marie-E-34-scaled.jpg&quot;},{&quot;id&quot;:211,&quot;url&quot;:&quot;https:\\\/\\\/atypicsphotography.com\\\/wp-content\\\/uploads\\\/2024\\\/03\\\/IMG_0561-scaled.jpg&quot;},{&quot;id&quot;:154,&quot;url&quot;:&quot;https:\\\/\\\/atypicsphotography.com\\\/wp-content\\\/uploads\\\/2024\\\/03\\\/Candice-37-scaled.jpg&quot;}],&quot;background_slideshow_slide_duration&quot;:5013,&quot;background_slideshow_ken_burns&quot;:&quot;yes&quot;,&quot;background_slideshow_loop&quot;:&quot;yes&quot;,&quot;background_slideshow_slide_transition&quot;:&quot;fade&quot;,&quot;background_slideshow_transition_duration&quot;:500,&quot;background_slideshow_ken_burns_zoom_direction&quot;:&quot;in&quot;}\">\n\t\t<div class=\"elementor-element elementor-element-9f33956 e-transform e-flex e-con-boxed e-con e-child\" data-id=\"9f33956\" data-element_type=\"container\" data-settings=\"{&quot;_transform_translateX_effect&quot;:{&quot;unit&quot;:&quot;px&quot;,&quot;size&quot;:0,&quot;sizes&quot;:[]},&quot;_transform_translateY_effect&quot;:{&quot;unit&quot;:&quot;%&quot;,&quot;size&quot;:100,&quot;sizes&quot;:[]},&quot;_transform_translateY_effect_tablet&quot;:{&quot;unit&quot;:&quot;%&quot;,&quot;size&quot;:&quot;&quot;,&quot;sizes&quot;:[]},&quot;_transform_translateY_effect_mobile&quot;:{&quot;unit&quot;:&quot;%&quot;,&quot;size&quot;:&quot;&quot;,&quot;sizes&quot;:[]},&quot;_transform_translateX_effect_tablet&quot;:{&quot;unit&quot;:&quot;px&quot;,&quot;size&quot;:&quot;&quot;,&quot;sizes&quot;:[]},&quot;_transform_translateX_effect_mobile&quot;:{&quot;unit&quot;:&quot;px&quot;,&quot;size&quot;:&quot;&quot;,&quot;sizes&quot;:[]}}\">\n\t\t\t\t\t<div class=\"e-con-inner\">\n\t\t\t\t<div class=\"elementor-element elementor-element-40895f5 elementor-widget elementor-widget-heading\" data-id=\"40895f5\" data-element_type=\"widget\" data-widget_type=\"heading.default\">\n\t\t\t\t<div class=\"elementor-widget-container\">\n\t\t\t<style>\/*! elementor - v3.22.0 - 17-06-2024 *\/\n.elementor-heading-title{padding:0;margin:0;line-height:1}.elementor-widget-heading .elementor-heading-title[class*=elementor-size-]>a{color:inherit;font-size:inherit;line-height:inherit}.elementor-widget-heading .elementor-heading-title.elementor-size-small{font-size:15px}.elementor-widget-heading .elementor-heading-title.elementor-size-medium{font-size:19px}.elementor-widget-heading .elementor-heading-title.elementor-size-large{font-size:29px}.elementor-widget-heading .elementor-heading-title.elementor-size-xl{font-size:39px}.elementor-widget-heading .elementor-heading-title.elementor-size-xxl{font-size:59px}<\/style><h2 class=\"elementor-heading-title elementor-size-default\">BIENVENUE<\/h2>\t\t<\/div>\n\t\t\t\t<\/div>\n\t\t\t\t<div class=\"elementor-element elementor-element-c26ec0f elementor-widget elementor-widget-heading\" data-id=\"c26ec0f\" data-element_type=\"widget\" data-widget_type=\"heading.default\">\n\t\t\t\t<div class=\"elementor-widget-container\">\n\t\t\t<h2 class=\"elementor-heading-title elementor-size-default\">Nous immortalisons vos moments pr\u00e9cieux avec \u00e9l\u00e9gance et passion<\/h2>\t\t<\/div>\n\t\t\t\t<\/div>\n\t\t\t\t<div class=\"elementor-element elementor-element-7c8d363 elementor-align-center elementor-widget elementor-widget-button\" data-id=\"7c8d363\" data-element_type=\"widget\" data-widget_type=\"button.default\">\n\t\t\t\t<div class=\"elementor-widget-container\">\n\t\t\t\t\t<div class=\"elementor-button-wrapper\">\n\t\t\t<a class=\"elementor-button elementor-button-link elementor-size-sm\" href=\"https:\/\/atypicsphotography.com\/index.php\/portofolio\/\">\n\t\t\t\t\t\t<span class=\"elementor-button-content-wrapper\">\n\t\t\t\t\t\t\t\t\t<span class=\"elementor-button-text\">D\u00e9couvrez nos clich\u00e9s<\/span>\n\t\t\t\t\t<\/span>\n\t\t\t\t\t<\/a>\n\t\t<\/div>\n\t\t\t\t<\/div>\n\t\t\t\t<\/div>\n\t\t\t\t\t<\/div>\n\t\t\t\t<\/div>\n\t\t\t\t<\/div>\n\t\t\t\t<\/div>\n\t\t","protected":false},"excerpt":{"rendered":"<p>BIENVENUE Nous immortalisons vos moments pr\u00e9cieux avec \u00e9l\u00e9gance et passion D\u00e9couvrez nos clich\u00e9s<\/p>\n","protected":false},"author":1,"featured_media":181,"parent":0,"menu_order":0,"comment_status":"closed","ping_status":"closed","template":"elementor_header_footer","meta":{"ocean_post_layout":"","ocean_both_sidebars_style":"","ocean_both_sidebars_content_width":0,"ocean_both_sidebars_sidebars_width":0,"ocean_sidebar":"","ocean_second_sidebar":"","ocean_disable_margins":"enable","ocean_add_body_class":"","ocean_shortcode_before_top_bar":"","ocean_shortcode_after_top_bar":"","ocean_shortcode_before_header":"","ocean_shortcode_after_header":"","ocean_has_shortcode":"","ocean_shortcode_after_title":"","ocean_shortcode_before_footer_widgets":"","ocean_shortcode_after_footer_widgets":"","ocean_shortcode_before_footer_bottom":"","ocean_shortcode_after_footer_bottom":"","ocean_display_top_bar":"default","ocean_display_header":"default","ocean_header_style":"","ocean_center_header_left_menu":"","ocean_custom_header_template":"","ocean_custom_logo":0,"ocean_custom_retina_logo":0,"ocean_custom_logo_max_width":0,"ocean_custom_logo_tablet_max_width":0,"ocean_custom_logo_mobile_max_width":0,"ocean_custom_logo_max_height":0,"ocean_custom_logo_tablet_max_height":0,"ocean_custom_logo_mobile_max_height":0,"ocean_header_custom_menu":"","ocean_menu_typo_font_family":"","ocean_menu_typo_font_subset":"","ocean_menu_typo_font_size":0,"ocean_menu_typo_font_size_tablet":0,"ocean_menu_typo_font_size_mobile":0,"ocean_menu_typo_font_size_unit":"px","ocean_menu_typo_font_weight":"","ocean_menu_typo_font_weight_tablet":"","ocean_menu_typo_font_weight_mobile":"","ocean_menu_typo_transform":"","ocean_menu_typo_transform_tablet":"","ocean_menu_typo_transform_mobile":"","ocean_menu_typo_line_height":0,"ocean_menu_typo_line_height_tablet":0,"ocean_menu_typo_line_height_mobile":0,"ocean_menu_typo_line_height_unit":"","ocean_menu_typo_spacing":0,"ocean_menu_typo_spacing_tablet":0,"ocean_menu_typo_spacing_mobile":0,"ocean_menu_typo_spacing_unit":"","ocean_menu_link_color":"","ocean_menu_link_color_hover":"","ocean_menu_link_color_active":"","ocean_menu_link_background":"","ocean_menu_link_hover_background":"","ocean_menu_link_active_background":"","ocean_menu_social_links_bg":"","ocean_menu_social_hover_links_bg":"","ocean_menu_social_links_color":"","ocean_menu_social_hover_links_color":"","ocean_disable_title":"default","ocean_disable_heading":"default","ocean_post_title":"","ocean_post_subheading":"","ocean_post_title_style":"","ocean_post_title_background_color":"","ocean_post_title_background":0,"ocean_post_title_bg_image_position":"","ocean_post_title_bg_image_attachment":"","ocean_post_title_bg_image_repeat":"","ocean_post_title_bg_image_size":"","ocean_post_title_height":0,"ocean_post_title_bg_overlay":0.5,"ocean_post_title_bg_overlay_color":"","ocean_disable_breadcrumbs":"default","ocean_breadcrumbs_color":"","ocean_breadcrumbs_separator_color":"","ocean_breadcrumbs_links_color":"","ocean_breadcrumbs_links_hover_color":"","ocean_display_footer_widgets":"default","ocean_display_footer_bottom":"default","ocean_custom_footer_template":"","footnotes":""},"yoast_head":"<!-- This site is optimized with the Yoast SEO plugin v22.8 - https:\/\/yoast.com\/wordpress\/plugins\/seo\/ -->\n<title>atypics photography - Photographe en \u00eele-de France<\/title>\n<meta name=\"description\" content=\"Offrez-vous des s\u00e9ances photos inoubliables pour couples, portraits individuels, \u00e9v\u00e9nements corporate ou mariages. Capturez vos moments pr\u00e9cieux avec style et authenticit\u00e9.\" \/>\n<meta name=\"robots\" content=\"index, follow, max-snippet:-1, max-image-preview:large, max-video-preview:-1\" \/>\n<link rel=\"canonical\" href=\"https:\/\/atypicsphotography.com\/\" \/>\n<meta property=\"og:locale\" content=\"en_US\" \/>\n<meta property=\"og:type\" content=\"article\" \/>\n<meta property=\"og:title\" content=\"atypics photography - Photographe en \u00eele-de France\" \/>\n<meta property=\"og:description\" content=\"Offrez-vous des s\u00e9ances photos inoubliables pour couples, portraits individuels, \u00e9v\u00e9nements corporate ou mariages. Capturez vos moments pr\u00e9cieux avec style et authenticit\u00e9.\" \/>\n<meta property=\"og:url\" content=\"https:\/\/atypicsphotography.com\/\" \/>\n<meta property=\"og:site_name\" content=\"atypics photography\" \/>\n<meta property=\"article:modified_time\" content=\"2024-06-30T08:53:29+00:00\" \/>\n<meta property=\"og:image\" content=\"https:\/\/atypicsphotography.com\/wp-content\/uploads\/2024\/03\/Cedric-Aurore-132-scaled.jpg\" \/>\n\t<meta property=\"og:image:width\" content=\"1708\" \/>\n\t<meta property=\"og:image:height\" content=\"2560\" \/>\n\t<meta property=\"og:image:type\" content=\"image\/jpeg\" \/>\n<meta name=\"twitter:card\" content=\"summary_large_image\" \/>\n<meta name=\"twitter:label1\" content=\"Est. reading time\" \/>\n\t<meta name=\"twitter:data1\" content=\"1 minute\" \/>\n<script type=\"application\/ld+json\" class=\"yoast-schema-graph\">{\"@context\":\"https:\/\/schema.org\",\"@graph\":[{\"@type\":\"WebPage\",\"@id\":\"https:\/\/atypicsphotography.com\/\",\"url\":\"https:\/\/atypicsphotography.com\/\",\"name\":\"atypics photography - Photographe en \u00eele-de France\",\"isPartOf\":{\"@id\":\"https:\/\/atypicsphotography.com\/#website\"},\"primaryImageOfPage\":{\"@id\":\"https:\/\/atypicsphotography.com\/#primaryimage\"},\"image\":{\"@id\":\"https:\/\/atypicsphotography.com\/#primaryimage\"},\"thumbnailUrl\":\"https:\/\/atypicsphotography.com\/wp-content\/uploads\/2024\/03\/Cedric-Aurore-132-scaled.jpg\",\"datePublished\":\"2024-03-24T14:44:33+00:00\",\"dateModified\":\"2024-06-30T08:53:29+00:00\",\"description\":\"Offrez-vous des s\u00e9ances photos inoubliables pour couples, portraits individuels, \u00e9v\u00e9nements corporate ou mariages. Capturez vos moments pr\u00e9cieux avec style et authenticit\u00e9.\",\"breadcrumb\":{\"@id\":\"https:\/\/atypicsphotography.com\/#breadcrumb\"},\"inLanguage\":\"en-US\",\"potentialAction\":[{\"@type\":\"ReadAction\",\"target\":[\"https:\/\/atypicsphotography.com\/\"]}]},{\"@type\":\"ImageObject\",\"inLanguage\":\"en-US\",\"@id\":\"https:\/\/atypicsphotography.com\/#primaryimage\",\"url\":\"https:\/\/atypicsphotography.com\/wp-content\/uploads\/2024\/03\/Cedric-Aurore-132-scaled.jpg\",\"contentUrl\":\"https:\/\/atypicsphotography.com\/wp-content\/uploads\/2024\/03\/Cedric-Aurore-132-scaled.jpg\",\"width\":1708,\"height\":2560},{\"@type\":\"BreadcrumbList\",\"@id\":\"https:\/\/atypicsphotography.com\/#breadcrumb\",\"itemListElement\":[{\"@type\":\"ListItem\",\"position\":1,\"name\":\"Accueil\",\"item\":\"https:\/\/atypicsphotography.com\/\"},{\"@type\":\"ListItem\",\"position\":2,\"name\":\"Accueil\"}]},{\"@type\":\"WebSite\",\"@id\":\"https:\/\/atypicsphotography.com\/#website\",\"url\":\"https:\/\/atypicsphotography.com\/\",\"name\":\"atypics photography\",\"description\":\"\",\"publisher\":{\"@id\":\"https:\/\/atypicsphotography.com\/#organization\"},\"potentialAction\":[{\"@type\":\"SearchAction\",\"target\":{\"@type\":\"EntryPoint\",\"urlTemplate\":\"https:\/\/atypicsphotography.com\/?s={search_term_string}\"},\"query-input\":\"required name=search_term_string\"}],\"inLanguage\":\"en-US\"},{\"@type\":\"Organization\",\"@id\":\"https:\/\/atypicsphotography.com\/#organization\",\"name\":\"Atypics photography\",\"url\":\"https:\/\/atypicsphotography.com\/\",\"logo\":{\"@type\":\"ImageObject\",\"inLanguage\":\"en-US\",\"@id\":\"https:\/\/atypicsphotography.com\/#\/schema\/logo\/image\/\",\"url\":\"https:\/\/atypicsphotography.com\/wp-content\/uploads\/2024\/03\/cropped-Logo-Atypics-Photographie-1-1.png\",\"contentUrl\":\"https:\/\/atypicsphotography.com\/wp-content\/uploads\/2024\/03\/cropped-Logo-Atypics-Photographie-1-1.png\",\"width\":500,\"height\":137,\"caption\":\"Atypics photography\"},\"image\":{\"@id\":\"https:\/\/atypicsphotography.com\/#\/schema\/logo\/image\/\"},\"sameAs\":[\"https:\/\/www.instagram.com\/atypics_photography\/\"]}]}<\/script>\n<!-- \/ Yoast SEO plugin. -->","yoast_head_json":{"title":"atypics photography - Photographe en \u00eele-de France","description":"Offrez-vous des s\u00e9ances photos inoubliables pour couples, portraits individuels, \u00e9v\u00e9nements corporate ou mariages. Capturez vos moments pr\u00e9cieux avec style et authenticit\u00e9.","robots":{"index":"index","follow":"follow","max-snippet":"max-snippet:-1","max-image-preview":"max-image-preview:large","max-video-preview":"max-video-preview:-1"},"canonical":"https:\/\/atypicsphotography.com\/","og_locale":"en_US","og_type":"article","og_title":"atypics photography - Photographe en \u00eele-de France","og_description":"Offrez-vous des s\u00e9ances photos inoubliables pour couples, portraits individuels, \u00e9v\u00e9nements corporate ou mariages. Capturez vos moments pr\u00e9cieux avec style et authenticit\u00e9.","og_url":"https:\/\/atypicsphotography.com\/","og_site_name":"atypics photography","article_modified_time":"2024-06-30T08:53:29+00:00","og_image":[{"width":1708,"height":2560,"url":"https:\/\/atypicsphotography.com\/wp-content\/uploads\/2024\/03\/Cedric-Aurore-132-scaled.jpg","type":"image\/jpeg"}],"twitter_card":"summary_large_image","twitter_misc":{"Est. reading time":"1 minute"},"schema":{"@context":"https:\/\/schema.org","@graph":[{"@type":"WebPage","@id":"https:\/\/atypicsphotography.com\/","url":"https:\/\/atypicsphotography.com\/","name":"atypics photography - Photographe en \u00eele-de France","isPartOf":{"@id":"https:\/\/atypicsphotography.com\/#website"},"primaryImageOfPage":{"@id":"https:\/\/atypicsphotography.com\/#primaryimage"},"image":{"@id":"https:\/\/atypicsphotography.com\/#primaryimage"},"thumbnailUrl":"https:\/\/atypicsphotography.com\/wp-content\/uploads\/2024\/03\/Cedric-Aurore-132-scaled.jpg","datePublished":"2024-03-24T14:44:33+00:00","dateModified":"2024-06-30T08:53:29+00:00","description":"Offrez-vous des s\u00e9ances photos inoubliables pour couples, portraits individuels, \u00e9v\u00e9nements corporate ou mariages. Capturez vos moments pr\u00e9cieux avec style et authenticit\u00e9.","breadcrumb":{"@id":"https:\/\/atypicsphotography.com\/#breadcrumb"},"inLanguage":"en-US","potentialAction":[{"@type":"ReadAction","target":["https:\/\/atypicsphotography.com\/"]}]},{"@type":"ImageObject","inLanguage":"en-US","@id":"https:\/\/atypicsphotography.com\/#primaryimage","url":"https:\/\/atypicsphotography.com\/wp-content\/uploads\/2024\/03\/Cedric-Aurore-132-scaled.jpg","contentUrl":"https:\/\/atypicsphotography.com\/wp-content\/uploads\/2024\/03\/Cedric-Aurore-132-scaled.jpg","width":1708,"height":2560},{"@type":"BreadcrumbList","@id":"https:\/\/atypicsphotography.com\/#breadcrumb","itemListElement":[{"@type":"ListItem","position":1,"name":"Accueil","item":"https:\/\/atypicsphotography.com\/"},{"@type":"ListItem","position":2,"name":"Accueil"}]},{"@type":"WebSite","@id":"https:\/\/atypicsphotography.com\/#website","url":"https:\/\/atypicsphotography.com\/","name":"atypics photography","description":"","publisher":{"@id":"https:\/\/atypicsphotography.com\/#organization"},"potentialAction":[{"@type":"SearchAction","target":{"@type":"EntryPoint","urlTemplate":"https:\/\/atypicsphotography.com\/?s={search_term_string}"},"query-input":"required name=search_term_string"}],"inLanguage":"en-US"},{"@type":"Organization","@id":"https:\/\/atypicsphotography.com\/#organization","name":"Atypics photography","url":"https:\/\/atypicsphotography.com\/","logo":{"@type":"ImageObject","inLanguage":"en-US","@id":"https:\/\/atypicsphotography.com\/#\/schema\/logo\/image\/","url":"https:\/\/atypicsphotography.com\/wp-content\/uploads\/2024\/03\/cropped-Logo-Atypics-Photographie-1-1.png","contentUrl":"https:\/\/atypicsphotography.com\/wp-content\/uploads\/2024\/03\/cropped-Logo-Atypics-Photographie-1-1.png","width":500,"height":137,"caption":"Atypics photography"},"image":{"@id":"https:\/\/atypicsphotography.com\/#\/schema\/logo\/image\/"},"sameAs":["https:\/\/www.instagram.com\/atypics_photography\/"]}]}},"_links":{"self":[{"href":"https:\/\/atypicsphotography.com\/index.php\/wp-json\/wp\/v2\/pages\/342"}],"collection":[{"href":"https:\/\/atypicsphotography.com\/index.php\/wp-json\/wp\/v2\/pages"}],"about":[{"href":"https:\/\/atypicsphotography.com\/index.php\/wp-json\/wp\/v2\/types\/page"}],"author":[{"embeddable":true,"href":"https:\/\/atypicsphotography.com\/index.php\/wp-json\/wp\/v2\/users\/1"}],"replies":[{"embeddable":true,"href":"https:\/\/atypicsphotography.com\/index.php\/wp-json\/wp\/v2\/comments?post=342"}],"version-history":[{"count":526,"href":"https:\/\/atypicsphotography.com\/index.php\/wp-json\/wp\/v2\/pages\/342\/revisions"}],"predecessor-version":[{"id":2345,"href":"https:\/\/atypicsphotography.com\/index.php\/wp-json\/wp\/v2\/pages\/342\/revisions\/2345"}],"wp:featuredmedia":[{"embeddable":true,"href":"https:\/\/atypicsphotography.com\/index.php\/wp-json\/wp\/v2\/media\/181"}],"wp:attachment":[{"href":"https:\/\/atypicsphotography.com\/index.php\/wp-json\/wp\/v2\/media?parent=342"}],"curies":[{"name":"wp","href":"https:\/\/api.w.org\/{rel}","templated":true}]}}